6199?
7, 209019457
What are the prime factors of 115315470?
2, 3, 5, 1281283
List the prime factors of 229809566.
2, 7, 16414969
List the prime factors of 641992215.
3, 5, 23, 1860847
What are the prime factors of 11783598?
2, 3, 59, 33287
What are the prime factors of 10479037?
10479037
What are the prime factors of 496920860?
2, 5, 24846043
What are the prime factors of 246513817?
11, 22410347
List the prime factors of 100744805.
5, 7, 17, 169319
List the prime factors of 283420966.
2, 141710483
What are the prime factors of 1526236922?
2, 7, 47, 2319509
List the prime factors of 960290388.
2, 3, 23, 829, 1399
What are the prime factors of 1450693?
137, 10589
What are the prime factors of 110562167?
110562167
List the prime factors of 108540950.
2, 5, 7, 310117
List the prime factors of 44511673.
44511673
What are the prime factors of 3739142389?
28201, 132589
List the prime factors of 943360007.
239, 3947113
What are the prime factors of 182618030?
2, 5, 7, 47, 1181
List the prime factors of 5497150.
2, 5, 109943
List the prime factors of 182734077.
3, 19, 127, 25243
What are the prime factors of 99127406?
2, 7, 103, 68743
List the prime factors of 149909171.
173, 233, 3719
What are the prime factors of 28383514?
2, 37, 53, 7237
What are the prime factors of 508405595?
5, 101681119
List the prime factors of 96803756.
2, 7, 79, 107, 409
What are the prime factors of 1560342807?
3, 17, 73, 139703
List the prime factors of 163395095.
5, 32679019
List the prime factors of 155189142.
2, 3, 23, 124951
List the prime factors of 3376452.
2, 3, 19, 59, 251
List the prime factors of 1594549989.
3, 59, 1000973
List the prime factors of 3501072692.
2, 13, 67328321
What are the prime factors of 1022697886?
2, 7, 1301, 56149
List the prime factors of 687088151.
97, 7083383
List the prime factors of 619219544.
2, 31, 199, 12547
What are the prime factors of 55814688?
2, 3, 43, 4507
List the prime factors of 150523453.
19, 2729, 2903
List the prime factors of 479028164.
2, 119757041
List the prime factors of 375309305.
5, 7, 10723123
What are the prime factors of 14997872?
2, 29, 32323
List the prime factors of 458163560.
2, 5, 1637, 6997
List the prime factors of 83944725.
3, 5, 17, 65839
What are the prime factors of 510946845?
3, 5, 34063123
List the prime factors of 26570482.
2, 3617, 3673
List the prime factors of 90232914.
2, 3, 15038819
List the prime factors of 504414029.
7, 72059147
What are the prime factors of 24319618?
2, 12159809
List the prime factors of 212377408.
2, 211, 15727
List the prime factors of 92034155.
5, 23, 439, 1823
What are the prime factors of 133064601?
3, 1049, 42283
List the prime factors of 2153057775.
3, 5, 11, 2609767
What are the prime factors of 37644962?
2, 18822481
What are the prime factors of 573771242?
2, 11, 1559, 16729
What are the prime factors of 639605763?
3, 1223, 58109
List the prime factors of 4448848678.
2, 14251, 156089
What are the prime factors of 4738522122?
2, 3, 1399, 188171
What are the prime factors of 21401124?
2, 3, 1783427
What are the prime factors of 501669130?
2, 5, 50166913
What are the prime factors of 66214378?
2, 23, 1439443
List the prime factors of 91713982.
2, 1151, 39841
What are the prime factors of 6837266734?
2, 569, 6008143
What are the prime factors of 475402096?
2, 13, 2285587
List the prime factors of 1789160751.
3, 7, 9466459
List the prime factors of 117183909.
3, 137, 285119
What are the prime factors of 83359548?
2, 3, 103, 22481
List the prime factors of 638125307.
313, 1163, 1753
List the prime factors of 61531206.
2, 3, 11, 107, 8713
What are the prime factors of 1232376795?
3, 5, 13, 577, 1217
List the prime factors of 751722699.
3, 7, 13, 101, 137, 199
List the prime factors of 64039381.
7, 197, 46439
List the prime factors of 138594471.
3, 46198157
What are the prime factors of 146677926?
2, 3, 31, 197, 4003
List the prime factors of 7985560514.
2, 397, 10057381
What are the prime factors of 81071468?
2, 20267867
List the prime factors of 55043356.
2, 229, 60091
List the prime factors of 1798705115.
5, 67, 1291, 4159
What are the prime factors of 597358906?
2, 113, 2643181
List the prime factors of 59366936.
2, 797, 9311
List the prime factors of 745583423.
13, 157, 365303
List the prime factors of 893115728.
2, 55819733
What are the prime factors of 416417548?
2, 104104387
What are the prime factors of 54819988?
2, 13704997
What are the prime factors of 105164884?
2, 11, 2390111
What are the prime factors of 142423986?
2, 3, 131, 181201
What are the prime factors of 204658162?
2, 29, 3528589
What are the prime factors of 122618696?
2, 347, 44171
List the prime factors of 145528509.
3, 7, 6929929
What are the prime factors of 6272882801?
37, 307, 552239
What are the prime factors of 12445186?
2, 13, 73, 79, 83
What are the prime factors of 687442791?
3, 7, 23, 1423277
List the prime factors of 205863204.
2, 3, 2179, 7873
What are the prime factors of 96583407?
3, 32194469
List the prime factors of 165185930.
2, 5, 7, 13, 181523
List the prime factors of 103416414.
2, 3, 17236069
List the prime factors of 919379733.
3, 19, 1279, 12611
List the prime factors of 486330608.
2, 30395663
What are the prime factors of 2723945586?
2, 3, 149, 479, 6361
What are the prime factors of 731357725?
5, 7, 37, 112951
What are the prime factors of 7464329?
7464329
What are the prime factors of 1246842785?
5, 31, 2273, 3539
List the prime factors of 210097409.
210097409
What are the prime factors of 83071426?
2, 41535713
List the prime factors of 374200317.
3, 23, 41, 71
What are the prime factors of 4980509?
139, 35831
What are the prime factors of 2678719073?
677, 3956749
List the prime factors of 37469257.
7, 97, 139, 397
What are the prime factors of 126498834?
2, 3, 7, 11, 10141
List the prime factors of 84314030.
2, 5, 127, 197, 337
List the prime factors of 2774167616.
2, 11, 3940579
What are the prime factors of 19756578?
2, 3, 163, 20201
List the prime factors of 285436130.
2, 5, 7, 37, 191, 577
What are the prime factors of 80471026?
2, 149, 270037
What are the prime factors of 32486014?
2, 11, 17, 86861
What are the prime factors of 183530309?
41, 769, 5821
What are the prime factors of 172268934?
2, 3, 19, 89, 16979
What are the prime factors of 885657516?
2, 3, 251, 294043
List the prime factors of 84077061.
3, 29, 37, 26119
What are the prime factors of 165860895?
3, 5, 79, 139967
What are the prime factors of 1422376055?
5, 2789, 101999
List the prime factors of 912103930.
2, 5, 19, 4800547
List the prime factors of 4114607635.
5, 16073, 51199
List the prime factors of 561017857.
6449, 86993
What are the prime factors of 207447169?
613, 338413
What are the prime factors of 4273271432?
2, 534158929
List the prime factors of 3396803895.
3, 5, 75484531
What are the prime factors of 267208390?
2, 5, 26720839
List the prime factors of 811850342.
2, 61, 229, 29059
What are the prime factors of 59067852?
2, 3, 107, 179, 257
List the prime factors of 138912535.
5, 83, 89, 3761
List the prime factors of 39404791.
39404791
What are the prime factors of 136451637?
3, 7, 337, 6427
List the prime factors of 72916539.
3, 24305513
What are the prime factors of 24605624?
2, 3075703
What are the prime factors of 285286731?
3, 95095577
What are the prime factors of 158908701?
3, 7, 7567081
List the prime factors of 26741983.
26741983
What are the prime factors of 40448967?
3, 13, 17, 19
List the prime factors of 1059594499.
1059594499
What are the prime factors of 58915484?
2, 107, 137653
What are the prime factors of 463518524?
2, 7, 503, 32911
What are the prime factors of 16148650?
2, 5, 7, 29, 37, 43
List the prime factors of 132471040.
2, 5, 13, 19, 419
What are the prime factors of 3623287898?
2, 29, 62470481
List the prime factors of 45966971.
45966971
What are the prime factors of 6453657031?
37, 251, 281, 2473
List the prime factors of 978462678.
2, 3, 43, 3792491
What are the prime factors of 25073784?
2, 3, 348247
List the prime factors of 291281520.
2, 3, 5, 1213673
List the prime factors of 2910884630.
2, 5, 653, 445771
List the prime factors of 33172678.
2, 7, 11, 17, 12671
What are the prime factors of 196348035?
3, 5, 13, 229, 4397
List the prime factors of 33794334.